Suppose 0 = u - 6 + 8. Let k = 14 + u. List the prime factors of k.
2, 3
Let x = -25 + 68. List the prime factors of x.
43
List the prime factors of -4 - (3 - -1)/((-6)/261).
2, 5, 17
Suppose w + 31 - 7 = 3*k, -k = -4. What are the prime factors of (-30)/w*(3 + -1)?
5
Let n = 10 + -26. Let q = n - -24. List the prime factors of q.
2
Let v = 32 + -5. What are the prime factors of v?
3
Let z be -3*((-1)/(-3))/(-1). Suppose -b + 22 = -z. Suppose 30 = 4*w + w - 5*g, -5*g = -4*w + b. What are the prime factors of w?
7
Suppose -10 = -n - 3*l, 2 = 5*n + 5*l - 6*l. Let m be (-3)/(((-6)/10)/n). Let q(c) = 3*c - 7. What are the prime factors of q(m)?
2
Suppose 0 = x + 5*n - 34, -5*n + 308 - 58 = 5*x. List the prime factors of x.
2, 3
Let s = -183 - -313. List the prime factors of s.
2, 5, 13
Suppose 5*p - 3 + 8 = x, 2*p = 5*x - 140. Let m be (x/25)/((-3)/(-10)). Suppose -t - 21 = -m*t. What are the prime factors of t?
7
Let h(u) = u + 2. Let v be h(-9). Let a = 3 - v. Suppose -2*r - a + 26 = 0. List the prime factors of r.
2
Let r(p) = p**2 - 10. Let u be r(0). Let l = u - -10. Suppose -g + 5 + 4 = l. What are the prime factors of g?
3
Let j = -5 - -5. Let r = 6 + -3. Suppose -r*h - 3*u + 22 = -h, j = -2*h + u + 14. List the prime factors of h.
2
Let k(h) = 4*h + 13. Let b(u) = 2*u + 7. Let a(i) = -7*b(i) + 4*k(i). What are the prime factors of a(6)?
3, 5
List the prime factors of ((-9)/(-15))/(1/55).
3, 11
Suppose 0 = -5*b, 0*i + 5*b = 5*i - 150. Suppose v + 5*a + 6 = -12, i = 5*v + a. List the prime factors of v.
7
Suppose 2*n - 3*a = 23, -21 = -3*n - 5*a + 23. What are the prime factors of n?
13
Let p = 48 - -57. List the prime factors of p.
3, 5, 7
Let f = 18 - -57. Suppose 1 = v + c, 5*v = 5*c - 30 + f. What are the prime factors of v?
5
Suppose 5*x - 59 = 46. Suppose 4*t = -5*v + 19, -2*t + x = 5*v - 6. List the prime factors of v.
7
Suppose a = 4*b + 81, -2*a - 3*b = -96 - 33. What are the prime factors of a?
3, 23
Let x = -18 + 18. List the prime factors of (x - 1)/(4/(-56)).
2, 7
Let z be 68*(-5 + 2)/6. Let n = -11 - z. List the prime factors of n.
23
Suppose 4*w = d - 24, -3*d + 14 = -5*w - 16. Let n(y) = -2*y. Let j(g) = g - 1. Let i(q) = 4*j(q) + 3*n(q). What are the prime factors of i(w)?
2
List the prime factors of (-6 - (-9 - -5)) + 232.
2, 5, 23
Let c = -143 - -289. What are the prime factors of c?
2, 73
Suppose -142 = -g - y, -3*g + 134 + 289 = 2*y. What are the prime factors of g?
139
Let u = 7 - 13. Let x be (-15)/2*8/u. Let g = x - 6. List the prime factors of g.
2
Let o be (-45)/(-30)*(1 - -1). Suppose 0 = 3*z - 4*v - 175, v + 7 = o. List the prime factors of z.
53
Let g = -3 - -5. Suppose -a = g*a - 6. List the prime factors of a.
2
Let g be (5/10)/((-1)/(-6)). Suppose 3*m - 3 = g. List the prime factors of m.
2
Suppose 5*v + 14 = -s - 14, 12 = -4*s + 5*v. Let y(x) = -x**2 - 9*x - 6. Let f be y(s). Let t = f - -2. List the prime factors of t.
2
Let o = -32 + 124. List the prime factors of o.
2, 23
Let x(c) = -c + 4. Let o(f) = f**2 + 7*f - 1. Suppose -3*b = b, -4*h + 3*b - 24 = 0. Let u be o(h). What are the prime factors of x(u)?
11
Suppose -2*v = -v - 5. Let u be v + 0*1/3. Suppose 5*j + 3*m - 74 = 10, -60 = -u*j + 5*m. List the prime factors of j.
3, 5
Suppose 0 = -g + 9 + 17. What are the prime factors of g?
2, 13
Suppose -5*p + 508 = 2*k - 226, -2*p + 296 = 2*k. List the prime factors of p.
2, 73
Let r(p) = -5*p**3 + 2*p - 1. Let w be r(1). List the prime factors of (-32)/(-1)*w/(-8).
2
Let r = 2 + -4. Let f(t) = 2*t - 24. Let x be f(14). Let z = r + x. What are the prime factors of z?
2
Suppose 146 = -9*h + 605. List the prime factors of h.
3, 17
Let n(r) be the first derivative of -r**4/4 - 2*r**3/3 + 2*r + 9. Suppose -7 - 3 = 5*m. List the prime factors of n(m).
2
Suppose -w = -0*w + h - 2, -h = 2*w - 2. Suppose -4*q + w = -8, 5*q + 10 = 5*v. List the prime factors of v.
2
Let s(j) = j - 1. Let l(h) = -2*h**2 - h + 4. Let o(g) = -l(g) - 6*s(g). List the prime factors of o(3).
5
Let k(d) = 10*d**3 + d**2. List the prime factors of k(1).
11
Suppose -2*f + 22 = -4*d, 5*d - d + 17 = f. Let r = f + -2. List the prime factors of r.
3
Let j = -15 + 17. What are the prime factors of 3/(-6) - (-17)/j?
2
Let l(q) be the third derivative of 0 - 1/6*q**3 + 0*q - 1/120*q**6 + 2*q**2 + 1/10*q**5 + 1/12*q**4. List the prime factors of l(6).
11
Let k(q) = -2*q - 6. Suppose 0 = -3*d + 6 - 33. Let r be k(d). List the prime factors of (-22)/(-4) + r/(-8).
2
What are the prime factors of -1 + 104 + -2 - (10 - 10)?
101
What are the prime factors of (-2 - 15/(-10))*-248?
2, 31
Let v = 5 + -5. Suppose 0 = a - 4, 4*t - 76 = -v*t - 5*a. List the prime factors of t.
2, 7
Let b(j) = -j**2 - 9*j + 4*j - 3*j - 4. Let u(r) = r**3 - 12*r**2 - 12*r - 16. Let l be u(13). List the prime factors of b(l).
11
Let o(m) = -m**3 + 8*m**2 + m + 3. Let k be o(6). Suppose -3*q - 2*p = -61, 0*q - 4*q - 3*p = -k. What are the prime factors of q?
3, 7
Let w(s) = s - 10. Let d be w(13). Suppose 0*a + d*a = -18. List the prime factors of 0/(a/3) + 3.
3
Suppose p + 4*p - 3*h - 222 = 0, 138 = 3*p + 3*h. What are the prime factors of p?
3, 5
Suppose 2*u = -15 - 1. List the prime factors of (-28)/u - 6/4.
2
Suppose -5*v + 26 = 1. Let m = 8 - 5. Suppose m*l - 26 = -v*g + 4*g, -5*g + 2*l + 62 = 0. What are the prime factors of g?
2, 7
Let x(w) = 86*w**2 + 4*w - 3. What are the prime factors of x(1)?
3, 29
Let p = 15 - -17. List the prime factors of p.
2
Suppose 3*z + 3*j - 182 = 202, 0 = -4*z - j + 497. List the prime factors of z.
3, 41
Suppose 4*b + 2*q + 12 = 0, 0 = b - 4*q - 2 + 5. Let z be (6 + -2 - 2) + b. List the prime factors of (-2)/(z + 21/27).
3
List the prime factors of 4/(-12) + 74/6.
2, 3
Let n = 224 - 10. What are the prime factors of n?
2, 107
Let r(n) = -n**3 - 4*n**2 + 2*n - 7. Let f be r(-5). Let c = f + -6. What are the prime factors of -1 - (-9)/(c - 1)?
2
Let l(s) = -s**3 + 9*s**2 + 3*s - 7. What are the prime factors of l(-4)?
3, 7
Let v(u) be the first derivative of u**2/2 + 18*u - 2. Let p(b) = -b - 12. Let k(h) = 8*p(h) + 5*v(h). List the prime factors of k(-4).
2, 3
Let b(c) = c**3 + 5*c**2 + c - 2. Let f = -1 + -2. List the prime factors of b(f).
13
Let m = -208 - -351. List the prime factors of m.
11, 13
Suppose -7 = g - 3*g + 5*n, 4*n + 28 = -4*g. Let h be (8/(-10))/(g/30). Suppose -4*d + 63 = 3*q + h, -q - 21 = -2*d. List the prime factors of d.
2, 3
Suppose c = -25 - 2. Let s = -11 - c. Suppose j - 3*y = s, -24 - 56 = -5*j - 5*y. List the prime factors of j.
2
List the prime factors of -8*(-44)/12*(0 - -3).
2, 11
Let l = 11 + -6. Suppose -l*o + 17 = -28. What are the prime factors of o?
3
Let i = 8 - -2. Suppose 4*z = -4*s - 28, -z = -4*s - 13 - i. What are the prime factors of 2*4 + 6/s?
7
Let s(b) be the third derivative of -b**4/12 - 6*b**2. List the prime factors of s(-12).
2, 3
Suppose -5*g + 13 = -5*u + 53, -u + 3*g + 2 = 0. Let r(s) = s**2 - 10*s - 9. Let o be r(u). Suppose o*c - 15 = -1. What are the prime factors of c?
7
List the prime factors of 32 - ((-1 - -3) + -4).
2, 17
Suppose 4*u + 2*z = -14 - 24, 3*z = -2*u - 17. Let b(y) = -y - 18. Let r be b(u). What are the prime factors of (r - 1)*1*-1?
3
Let l = 2 - -28. List the prime factors of l.
2, 3, 5
Let u = 530 + -299. List the prime factors of u.
3, 7, 11
Suppose j + 26 - 166 = 0. What are the prime factors of j?
2, 5, 7
Suppose -401 = -4*g - 81. Suppose g = 4*a + a. Suppose -2*b = 2*u - u - a, 18 = b + 3*u. What are the prime factors of b?
2, 3
Let k(a) = -9*a - 17. List the prime factors of k(-7).
2, 23
Let m be (-147)/(-15) - 1/(-5). What are the prime factors of (-4)/m*(-4 - 16)?
2
Let t = -6 + 10. Let s be (-18)/(-14) + t/(-14). List the prime factors of (-1 - 0) + s + 2.
2
Suppose -3*l - 7*z = -5*z - 134, 2*l + 3*z - 86 = 0. What are the prime factors of l?
2, 23
Let u = 2 + 0. What are the prime factors of ((-10)/(-3))/(u/6)?
2, 5
Suppose -4 = -3*d + 2. Suppose d*n = -3*n + 15. Suppose -n*m = 4*z - 2*m - 41, 3*z - 25 = 5*m. What are the prime factors of z?
2, 5
What are the prime factors of 6/4 - 348/(-24)?
2
Let x(k) = 10*k**2 + k + 1. List the prime factors of x(-2).
3, 13
Let i(s) = s**2 + s - 3. Let h be i(-5). List the prime factors of h + (2 - (1 - 2)).
2, 5
List